30361 a multiple of 77?
True
Is 28281 a multiple of 11?
True
Does 126 divide 3465000?
True
Is 1384357 a multiple of 14?
False
Is 9 a factor of 21467?
False
Is 3149226 a multiple of 87?
True
Is 1097366 a multiple of 4?
False
Is 186 a factor of 104254?
False
Does 58 divide 94714?
True
Does 40 divide 210339?
False
Is 340 a factor of 1295740?
True
Is 1420406 a multiple of 84?
False
Is 721515 a multiple of 66?
False
Is 161 a factor of 2815164?
False
Is 140 a factor of 570921?
False
Is 185 a factor of 831020?
True
Is 144510 a multiple of 6?
True
Does 26 divide 212296?
False
Is 171578 a multiple of 242?
True
Does 128 divide 187136?
True
Is 15795 a multiple of 135?
True
Does 2 divide 2415?
False
Is 4046864 a multiple of 398?
True
Is 184 a factor of 154376?
True
Is 242300 a multiple of 20?
True
Is 4759 a multiple of 136?
False
Is 855639 a multiple of 68?
False
Does 252 divide 387346?
False
Does 349 divide 759424?
True
Is 2335004 a multiple of 14?
True
Does 40 divide 29560?
True
Is 68105 a multiple of 257?
True
Is 35 a factor of 20790?
True
Does 55 divide 1014420?
True
Is 142 a factor of 1509318?
True
Is 1006171 a multiple of 154?
False
Is 1548693 a multiple of 351?
False
Does 397 divide 278694?
True
Is 647127 a multiple of 13?
True
Does 18 divide 553081?
False
Is 125 a factor of 161354?
False
Does 12 divide 620636?
False
Is 305995 a multiple of 12?
False
Is 10677 a multiple of 8?
False
Is 228408 a multiple of 614?
True
Is 28 a factor of 137088?
True
Is 180154 a multiple of 41?
True
Is 206640 a multiple of 172?
False
Is 1785089 a multiple of 28?
False
Is 2548984 a multiple of 967?
False
Is 805809 a multiple of 43?
False
Is 54854 a multiple of 65?
False
Does 12 divide 1306310?
False
Does 47 divide 234431?
False
Is 196052 a multiple of 92?
True
Is 8796 a multiple of 2?
True
Is 479 a factor of 495286?
True
Does 9 divide 637392?
False
Is 4451783 a multiple of 7?
True
Is 721611 a multiple of 2?
False
Is 382 a factor of 188708?
True
Is 699270 a multiple of 66?
True
Is 35224 a multiple of 74?
True
Is 411 a factor of 1241622?
False
Does 281 divide 21356?
True
Is 61 a factor of 231393?
False
Does 34 divide 81734?
False
Does 6 divide 376456?
False
Is 36 a factor of 50217?
False
Is 268 a factor of 46096?
True
Is 282983 a multiple of 22?
False
Is 68 a factor of 156264?
True
Does 15 divide 7046700?
True
Is 53 a factor of 153753?
True
Does 141 divide 327261?
True
Does 107 divide 755925?
False
Is 220 a factor of 11565927?
False
Is 13 a factor of 867398?
False
Is 219 a factor of 3818484?
True
Does 54 divide 133974?
True
Is 226476 a multiple of 653?
False
Is 5 a factor of 552700?
True
Does 5 divide 231173?
False
Is 301560 a multiple of 84?
True
Is 12 a factor of 141021?
False
Is 84 a factor of 20412?
True
Is 12483227 a multiple of 1102?
False
Does 6 divide 15981426?
True
Does 32 divide 3848064?
True
Does 1439 divide 15015087?
False
Is 9 a factor of 6737?
False
Is 119 a factor of 82467?
True
Is 135 a factor of 3584385?
True
Is 110 a factor of 138202?
False
Is 9657 a multiple of 37?
True
Does 6 divide 140351?
False
Is 22007 a multiple of 15?
False
Is 837075 a multiple of 15?
True
Is 557189 a multiple of 7?
False
Is 103 a factor of 273362?
True
Is 9272724 a multiple of 295?
False
Is 60095 a multiple of 35?
True
Is 1820495 a multiple of 445?
True
Is 248 a factor of 500928?
False
Is 484 a factor of 872728?
False
Is 17 a factor of 235084?
False
Does 83 divide 2059064?
True
Is 1079825 a multiple of 59?
False
Is 626 a factor of 2989776?
True
Is 283598 a multiple of 131?
False
Is 54296 a multiple of 30?
False
Is 25886 a multiple of 260?
False
Is 441 a factor of 12565413?
True
Is 59 a factor of 417018?
False
Is 55 a factor of 1815715?
True
Is 154259 a multiple of 2?
False
Is 4 a factor of 606761?
False
Is 18 a factor of 109701?
False
Does 8 divide 3101887?
False
Does 113 divide 16385?
True
Does 442 divide 3048983?
False
Is 245 a factor of 774690?
True
Is 1330 a factor of 6840891?
False
Is 954530 a multiple of 37?
False
Is 1206815 a multiple of 699?
False
Is 138 a factor of 70518?
True
Does 478 divide 1730095?
False
Is 15 a factor of 43112925?
True
Is 10378226 a multiple of 1602?
False
Does 18 divide 40188?
False
Does 510 divide 9690000?
True
Is 364 a factor of 5102188?
True
Is 16183099 a multiple of 509?
False
Is 53 a factor of 592397?
False
Does 87 divide 261079?
False
Is 764665 a multiple of 55?
True
Is 161 a factor of 722085?
True
Is 450732 a multiple of 12?
True
Does 82 divide 7424034?
True
Does 30 divide 4289910?
True
Is 1187283 a multiple of 82?
False
Is 834850 a multiple of 566?
True
Is 6461104 a multiple of 208?
True
Is 2 a factor of 11760?
True
Is 402 a factor of 2323997?
False
Is 132 a factor of 4632847?
False
Is 132 a factor of 115104?
True
Does 11 divide 36094?
False
Does 83 divide 821266?
False
Is 75 a factor of 554550?
True
Is 1273532 a multiple of 52?
True
Is 53 a factor of 141242?
False
Does 12 divide 1125211?
False
Is 377172 a multiple of 6?
True
Is 3688794 a multiple of 290?
False
Does 245 divide 1765515?
False
Does 37 divide 672014?
False
Is 151 a factor of 148392?
False
Is 2350535 a multiple of 149?
False
Is 100 a factor of 38100?
True
Is 3 a factor of 3356989?
False
Is 9 a factor of 36865?
False
Does 16 divide 3581997?
False
Is 2797998 a multiple of 294?
True
Is 16 a factor of 484022?
False
Is 75 a factor of 172440?
False
Does 26 divide 631748?
True
Does 2 divide 53924?
True
Does 47 divide 2413920?
True
Does 8 divide 3064?
True
Is 1079254 a multiple of 49?
False
Is 142332 a multiple of 58?
True
Is 19 a factor of 8611293?
False
Is 267 a factor of 306516?
True
Is 439562 a multiple of 158?
False
Is 122 a factor of 3002908?
True
Is 19 a factor of 122094?
True
Is 26 a factor of 2747654?
True
Does 31 divide 14537?
False
Does 37 divide 696074?
False
Is 80300 a multiple of 50?
True
Is 460566 a multiple of 9?
True
Is 81 a factor of 1944?
True
Does 22 divide 10758?
True
Does 6 divide 5089?
False
Is 251 a factor of 306836?
False
Is 329220 a multiple of 531?
True
Is 1556 a multiple of 3?
False
Does 93 divide 6765006?
True
Is 1363045 a multiple of 415?
False
Is 598 a factor of 583717?
False
Is 695814 a multiple of 3?
True
Does 7 divide 174986?
True
Is 51 a factor of 10578675?
True
Is 13 a factor of 394115?
False
Does 4 divide 900576?
True
Is 47 a factor of 296335?
True
Is 15 a factor of 75765?
True
Is 8634008 a multiple of 49?
False
Does 30 divide 532110?
True
Does 10 divide 1166164?
False
Is 32 a factor of 2029003?
False
Is 78 a factor of 466440?
True
Is 23 a factor of 49228?
False
Does 313 divide 268667?
False
Does 283 divide 217447?
False
Does 2 divide 275077?
False
Is 51 a factor of 9612939?
True
Does 630 divide 916779?
False
Does 352 divide 1377239?
False
Is 208375 a multiple of 125?
True
Does 54 divide 347454?
False
Is 27 a factor of 280623?
False
Does 103 divide 1216687?
False
Is 28643 a multiple of 15?
False
Does 18 divide 144137?
False
Is 28248150 a multiple of 25?
True
Is 10 a factor of 3166290?
True
Does 32 divide 438561?
False
Is 21 a factor of 449190?
True
Is 185 a factor of 108893?
False
Is 582006 a multiple of 6?
True
Does 972 divide 376484?
False
Is 1959170 a multiple of 1070?
True
Does 49 divide 1360632?
True
Is 16 a factor of 1209360?
True
Is 56 a factor of 11056080?
True
Is 7458045 a multiple of 105?
True
Is 1734624 a multiple of 342?
True
Does 52 divide 148564?
True
Does 747 divide 120267?
True
Does 25 divide 804047?
False
Is 82308 a multiple of 114?
True
Is 17 a factor of 864416?
True
Is 1171989 a multiple of 9?
True
Does 14 divide 5880?
True
Is 722804 a multiple of 172?
False
Is 31021 a multiple of 11?
False
Is 99 a factor of 79398?
True
Does 404 divide 2680936?
False
Is 165 a factor of 552090?
True
Is 3 a factor of 1925?
False
Is 7465822 a multiple of 127?
True
Does 259 divide 281321?
False
Is 32 a factor of 15803169?
False
Does 18 divide 165661?
False
Is 16 a factor of 123438?
False
Is 5547667 a multiple of 67?
True
Is 360012 a multiple of 228?
True
Is 505 a factor of 30096000?
False
Is 855 a factor of 4026195?
True
Does 85 divide 9027680?
True
Is 44 a factor of 206844?
True
Is 32490 a multiple of 722?
True
Does 28 divide 873562?
False
Does 1214 divide 3553378?
True
Is 17 a factor of 17797270?
False
Is 3940790 a multiple of 975?
False
Is 49705